53d
In base 4, what is -111 - -210132?
210021
In base 13, what is c1 - -791?
882
In base 15, what is 2c11 - 2a?
2bd6
In base 3, what is 2120 + 212200102?
212202222
In base 4, what is -20 + -30231?
-30311
In base 12, what is 2 + 9187?
9189
In base 9, what is 25 - 10350?
-10324
In base 6, what is -1202 - 23554?
-25200
In base 3, what is -121020021 - 100?
-121020121
In base 13, what is 1374 - 15?
135c
In base 3, what is -2 + -1121120222?
-1121121001
In base 14, what is -2 + 1b756?
1b754
In base 13, what is -8a186 - 5?
-8a18b
In base 15, what is -1104 - -10?
-10e4
In base 3, what is -1101 + 1021121211?
1021120110
In base 4, what is 30223202 + 11?
30223213
In base 2, what is 101001110110 - 10110011101?
10011011001
In base 7, what is 254035 + 0?
254035
In base 10, what is -192 + 6776?
6584
In base 10, what is -1078 + -570?
-1648
In base 3, what is 100020102000110 + 2?
100020102000112
In base 5, what is 10001 - 214241?
-204240
In base 2, what is 10100011001111110011 - 0?
10100011001111110011
In base 5, what is -4014444 - 3?
-4020002
In base 10, what is 169918 + 3?
169921
In base 16, what is -125d4 - -2?
-125d2
In base 13, what is -2 + -8c1?
-8c3
In base 10, what is -2 + 177975?
177973
In base 3, what is 20010200 - -200120?
20211020
In base 13, what is 638 + -8?
630
In base 4, what is 11 - 13310221222?
-13310221211
In base 9, what is -22 - 134473?
-134505
In base 10, what is 0 - -483?
483
In base 4, what is 211001302 + 12?
211001320
In base 8, what is 2 + 145462?
145464
In base 9, what is -101708 + 0?
-101708
In base 13, what is 602b - -2b?
6059
In base 3, what is -11 + 2112121111?
2112121100
In base 14, what is -6b9c + 6?
-6b96
In base 12, what is 13 - -12337?
1234a
In base 6, what is -100 + 5401?
5301
In base 11, what is 4108 - -57?
4164
In base 13, what is -2 - 8368?
-836a
In base 11, what is 8 - -83370?
83378
In base 2, what is 1001 - -11000110011000?
11000110100001
In base 13, what is -22 + 235c7?
235a5
In base 4, what is -33101 - -30?
-33011
In base 5, what is 1243404044 + -4?
1243404040
In base 3, what is -1122010112 + 10?
-1122010102
In base 6, what is -35 - -3113?
3034
In base 6, what is -14 + -440023?
-440041
In base 9, what is 34440 + 5?
34445
In base 2, what is -1011100010011 + -10?
-1011100010101
In base 7, what is -121435 - 12?
-121450
In base 8, what is 42 + -61017?
-60755
In base 6, what is 35312032 - 2?
35312030
In base 5, what is 100 + -44120?
-44020
In base 12, what is -2 + 1150?
114a
In base 12, what is -4779b - -4?
-47797
In base 12, what is 2744 - -112?
2856
In base 14, what is -13a6 + -2b4?
-167a
In base 7, what is 2 + 62000?
62002
In base 16, what is -43f3 + 5?
-43ee
In base 8, what is 1231 + -50?
1161
In base 11, what is 70 - 1238?
-1178
In base 12, what is -2 + 5925b?
59259
In base 2, what is -101 - -1000011101101110101?
1000011101101110000
In base 14, what is 5 - 2a0a20?
-2a0a19
In base 16, what is -4e1 + -2d1?
-7b2
In base 10, what is 3816 + -21?
3795
In base 7, what is -6524 + 104?
-6420
In base 12, what is 12085 - -3?
12088
In base 12, what is -194 + -25b4?
-2788
In base 2, what is 1010010011111 - -101?
1010010100100
In base 8, what is -6220 - 50?
-6270
In base 6, what is 13312315 + -5?
13312310
In base 11, what is -2713 + -72a?
-3342
In base 9, what is 27775 + -18?
27756
In base 13, what is 2118a5 + -3?
2118a2
In base 11, what is -1989 + 270?
-1719
In base 14, what is -d61 + 6?
-d59
In base 5, what is 321 - 21014?
-20143
In base 7, what is -1315 + -45613?
-50231
In base 8, what is 3554 + -16?
3536
In base 4, what is 103 - -2011132?
2011301
In base 6, what is -35 + 200335?
200300
In base 12, what is -7809a6 + -4?
-7809aa
In base 15, what is 937 - 120?
817
In base 14, what is 31 - -58c5?
5916
In base 13, what is 5 + 376?
37b
In base 2, what is 11 + -1111000000100100?
-1111000000100001
In base 16, what is 5 - 2f66f?
-2f66a
In base 6, what is 11253 - -20?
11313
In base 14, what is -4 + -129c6?
-129ca
In base 2, what is -100001010100101 - 10011?
-100001010111000
In base 6, what is 332154 - -2?
332200
In base 16, what is -13bb + -e?
-13c9
In base 16, what is 11 + 218?
229
In base 8, what is 2 + 644732?
644734
In base 2, what is 100 + -111010010110?
-111010010010
In base 11, what is 48814 + 0?
48814
In base 14, what is b8d + 18c?
d3b
In base 14, what is -17 + 2c4?
2ab
In base 5, what is -2043 + -2240?
-4333
In base 3, what is 1200021 + 12201?
1212222
In base 6, what is -1021153 + 31?
-1021122
In base 15, what is 1133 - b?
1127
In base 6, what is -2 - 23434220?
-23434222
In base 5, what is 20130 + 31?
20211
In base 15, what is 0 + a54de?
a54de
In base 3, what is 10022210120 - 22?
10022210021
In base 14, what is 9 + -174b?
-1742
In base 7, what is 462 - 41401?
-40606
In base 2, what is 11 - -111001000100001?
111001000100100
In base 4, what is 133100 + 12132?
211232
In base 14, what is 5 + d58?
d5d
In base 3, what is 110202002012 + 11?
110202002100
In base 5, what is -1312 + 1133023?
1131211
In base 2, what is -10001000001000000 + -1111001?
-10001000010111001
In base 4, what is 312132221 - -10?
312132231
In base 15, what is -91 + 2d?
-63
In base 3, what is 1021212 - 21101?
1000111
In base 7, what is 3 - 2032352?
-2032346
In base 7, what is 0 + -435563?
-435563
In base 6, what is 0 + 1151003?
1151003
In base 5, what is -1011022 + 102?
-1010420
In base 3, what is 122010 + -11012?
110221
In base 8, what is 1515 - 137?
1356
In base 13, what is -6 - 2158c1?
-2158c7
In base 8, what is 6 - -6022?
6030
In base 16, what is d3 + -183?
-b0
In base 14, what is -3 + -53bd?
-53c2
In base 4, what is -103 - 1000312?
-1001021
In base 7, what is 14 + -313?
-266
In base 5, what is 434434400 + 10?
434434410
In base 16, what is 2676 + -f?
2667
In base 14, what is 911 + -134?
7bb
In base 15, what is 32049 + 3?
3204c
In base 12, what is 75 - -14b1?
1566
In base 10, what is 0 - 199664?
-199664
In base 15, what is -1 + 11c69?
11c68
In base 6, what is 10 - 505111?
-505101
In base 16, what is 1a8d8 + -4?
1a8d4
In base 7, what is 13 + -1345204?
-1345161
In base 4, what is 2032120 + -112?
2032002
In base 14, what is -40208 + -5?
-4020d
In base 2, what is -10110 + 100101000000?
100100101010
In base 9, what is -452 + -2405?
-2857
In base 11, what is -a - 3714?
-3723
In base 11, what is 5 - -256344?
256349
In base 4, what is 3 + -101100?
-101031
In base 8, what is -260 + -1322?
-1602
In base 15, what is 1217 - -172?
1389
In base 14, what is -1348d - -b?
-13482
In base 5, what is 310 - 1102?
-242
In base 12, what is 5 + -17a5?
-17a0
In base 7, what is -11210 - -136?
-11041
In base 12, what is 9b32 - 0?
9b32
In base 5, what is 2 + 10103240?
10103242
In base 2, what is -10 + 1100000101101?
1100000101011
In base 14, what is -10 - -9429?
9419
In base 7, what is 126665 - 166?
126466
In base 2, what is -1001 - 101111010001101011?
-101111010001110100
In base 3, what is 1 - -12210002000?
12210002001
In base 3, what is -1112 - 102220?
-111102
In base 8, what is -173 - -3433?
3240
In base 3, what is -10210220 + -122222?
-11110212
In base 6, what is -4003133 - -3?
-4003130
In base 10, what is 10 - -5988?
5998
In base 8, what is -1566 - 232?
-2020
In base 12, what is 21992 + 0?
21992
In base 5, what is -4 - -13033434?
13033430
In base 14, what is -24a489 + 5?
-24a484
In base 5, what is 4320002 + 1?
4320003
In base 9, what is -21 + -157?
-178
In base 7, what is -166501 + 3?
-166465
In base 2, what is 10010 - -1110111111100?
1111000001110
In base 14, what is 58 - 1494?
-143a
In base 13, what is 5c4 + 26?
61a
In base 13, what is -4 + 484c6?
484c2
In base 7, what is -2 + -25326?
-25331
In base 14, what is -2d - -d79a?
d76b
In base 5, what is 2223 + -11343?
-4120
In base 6, what is 54 + 115010?
115104
In base 10, what is 23 + -276?
-253
In base 16, what is -177fc - 3?
-177ff
In base 12, what is 4 + 4478?
4480
In base 8, what is -2100214 + -2?
-2100216
In base 16, what is -4f8 - -3?
-4f5
In base 12, what is -3 - 118557?
-11855a
In base 4, what is -3 - -1321112?
1321103
In base 15, what is 4 + -7eb1?
-7eac
In base 11, what is 2a67 - -23?
2a8a
In base 14, what is 2a552 - d?
2a543
In base 12, what is 378 + 2?
37a
In base 15, what is 1954 + -11?
1943
In base 12, what is -110881 + 2?
-11087b
In base 16, what is -45417 - 0?
-45417
In base 14, what is 3 - 38d2?
-38cd
In base 13, wha